 0. What is the units digit of v?
4
Let s = 14 + -9. Let v(p) = 14*p + 3. Let k be v(s). Let w = -44 + k. What is the tens digit of w?
2
Let b(r) = -r**2 + 3*r - 6. Let m be b(4). Let q = m + 14. Suppose 4*i - 151 = -d, 2*d = i + q*d - 29. What is the tens digit of i?
3
Let h(r) = r**2 - 13*r + 2. Let m = 14 - 1. Let z be h(m). Suppose z*f = 4*f - 100. What is the units digit of f?
0
Let j be 0*(-1 + (-8)/(-6)). Suppose 4*h + 3*c - 83 = j, -2*c + 42 = h + h. Let s = 35 - h. What is the tens digit of s?
1
Suppose 54*y - 45*y - 22959 = 0. What is the thousands digit of y?
2
Let m = 8 + -11. Let c be (6/(-3) - m) + -7. What is the units digit of c/(-8) + 186/8?
4
What is the hundreds digit of -5 + 808 - (2 + 2 + -3)?
8
Suppose 704 = -73*t + 81*t. What is the tens digit of t?
8
Suppose 0 = 5*r - 3*f - 22, 5 - 1 = -f. Suppose 5*t - s = 92, -r*t + 4*s + 26 = -0*t. What is the tens digit of t?
1
Let g(q) = q. Let n(a) = 5*a - 6. Let j be n(4). Suppose -v - j = -2*l - 0*v, -v + 21 = 3*l. What is the units digit of g(l)?
7
Let n(d) = -d**3 - d**2 - d. Let o be n(-1). Let a be 3 - ((-2)/3 - (-24)/9). Suppose 2*w = k + 14, -2*w - o = 3*k + a. What is the units digit of w?
5
Suppose q = 35 - 30. Suppose h - 2*h = 0, 168 = 2*a + q*h. What is the units digit of a?
4
What is the hundreds digit of (-60 - -60) + -3271*2/(-2)?
2
Suppose -3*p = -k - 2*p + 1045, -4*p + 4156 = 4*k. What is the hundreds digit of k?
0
Let f(d) be the first derivative of 5*d**4/4 + d**3/3 + d + 9. Let v be f(2). Suppose -3*u + 78 = -v. What is the tens digit of u?
4
Let l(d) = d**2 - 3*d + 2. Let i be l(2). Suppose -7*p - 5*v = -4*p - 321, i = -3*p + 2*v + 342. What is the tens digit of p?
1
Let l = -106 - -489. What is the hundreds digit of l?
3
Let z = -35 - -40. Let o(c) = c**2 + 9*c - 4. What is the units digit of o(z)?
6
Let o = 3241 + -2227. What is the thousands digit of o?
1
Let m = 1196 + 21. What is the units digit of m?
7
Suppose -2*p + p + 2 = 0. What is the tens digit of 6/(-2) + (p - -46)?
4
Let z(g) = 4*g**2 - 2*g. What is the tens digit of z(3)?
3
What is the tens digit of 150/(-60)*-1*9032/10?
5
Let n = 1768 - 1143. What is the units digit of n?
5
Let r be 1*(-3)/1 - -9. Suppose -8*d + r*d = 0. Suppose 3*t + 21 = 6*t - 4*j, -5*t + j + 18 = d. What is the units digit of t?
3
Let q be (-6)/(-8)*(-10 - -6). Let d = q + 8. Suppose -37 = -3*b + 2*l, -3*l + 29 = d*b - 20. What is the tens digit of b?
1
Let n(p) = 2*p**2 - 1 + p - 1 + 2*p**2 - 3*p**2. Let k be n(-3). What is the units digit of (k/8)/((-2)/(-68))?
7
Let y = -4 + 7. Suppose y = 3*b - 0. What is the tens digit of (0 - -22)*2 + b?
4
Let r be -4 + (4 + -1 - -2). What is the units digit of 23/(-2*r/(-4))?
6
Let z be (17/(-2))/(3/(-6)). Let u = z + -13. Suppose 38 = 2*q + r, u = -3*q - 4*r + 61. What is the tens digit of q?
1
Let w = 671 - -19. What is the units digit of w?
0
Suppose 2*q + 33 = 41. Suppose -q*r = -4*v + 476, 3*v + 4*r - 268 - 82 = 0. What is the hundreds digit of v?
1
What is the thousands digit of (164 - 168)*-321*(3 + -2)?
1
Let q = 171 + -117. Let b = q - 30. Let u = -17 + b. What is the units digit of u?
7
Let f = -119 - -82. Let z be -19 - -26 - (68 + 3). Let i = f - z. What is the units digit of i?
7
Suppose 0 = -r - 65 + 182. Suppose 89 + r = x. What is the hundreds digit of x?
2
Let o be 4/12 - 980/(-12). Let u(z) = -6*z**3 - z**2 + 5. Let j be u(-2). Let r = o - j. What is the units digit of r?
3
Let w(f) = f**2 - 5*f + 3. Let c be w(6). Let j = c - 7. Suppose r = j*u - 60, -2*u + 0*u + 2*r = -62. What is the tens digit of u?
2
Let o(j) = -3*j + 51. Let v be o(0). Let w = 65 + v. What is the tens digit of w?
1
Let v = -113 + 41. What is the tens digit of 0 + (-1 - v) + 2?
7
Suppose 4*j - 10 = 10. Suppose 2*f - j*f + 2*h + 179 = 0, 3*h = -f + 67. What is the units digit of f?
1
Let l be (1 + -2)/((-2)/(-4)). Let f be (4/6)/(l/(-18)). What is the tens digit of (-17)/(-2) - f/(-4)?
1
What is the tens digit of 6/(-6)*(-2 - 219)?
2
Suppose -k = -5*o - 12, 8 = 3*k - 2*o + o. Let z(t) = 20*t + 9*t**2 + 2 + t**3 - 18*t + k. What is the units digit of z(-8)?
2
What is the units digit of ((-264)/(-55) - 3/(-15)) + 10?
5
What is the hundreds digit of (-3185)/26*88/(-10)?
0
Suppose 2*t + 260 = 7*t. Let u = t - 7. What is the units digit of u?
5
Let u = -98 - -212. What is the units digit of u?
4
Let d(o) = 32*o - 206. What is the tens digit of d(10)?
1
Suppose -7063 = 2*s - 9*s. What is the units digit of s?
9
Let l(v) = 2*v + 12 + 0*v + 4*v + 5. Suppose 2*s - 3*j - 3 = 0, 3*s = 2*s + 2*j. What is the tens digit of l(s)?
5
Let f(v) = -3*v**3 - 6*v**2 + 35*v + 216. What is the tens digit of f(-11)?
9
What is the thousands digit of 1205*1 - (-4 - -12)?
1
Let a = 1670 + -607. What is the tens digit of a?
6
Suppose -2*o = -15*o + 7566. What is the units digit of o?
2
What is the tens digit of 7330/18 + 130/(-18) + 7?
0
Suppose 4*c - 2*m - 2262 = 0, -5*c + 1259 = -m - 1573. What is the units digit of c?
7
Let i be (0 - -2 - 2)/(-1). Suppose 4*z - 2*x + 6*x + 8 = i, 2*z = -4*x - 8. Suppose z*g = 5*g - 20. What is the units digit of g?
4
Let o(t) = 7*t + 1. Let v be o(2). Let x = 18 - v. Suppose -4*p + x*p = -4*z + 38, -10 = -2*z - 4*p. What is the units digit of z?
9
Let s(c) = 2*c + 4. Let v be s(6). Suppose 0 = -n + 4*n - 5*z - 76, -3*z = n - v. What is the tens digit of n?
2
Let d be -3 - (-2 - 0 - 3). Suppose -d*o = -3*q - 9, -5*q - 4*o - 15 = -0*o. What is the tens digit of 26 - (7 - (q + 6))?
2
Suppose 11 + 1 = 6*b. Suppose 0 = 4*y - 3*g - 639, 4*y - b*y = -2*g + 302. What is the tens digit of y?
5
What is the hundreds digit of (-4 + -8)*15/(-12)*38?
5
Suppose -4*o + 2*o + 6 = 0. Suppose -4*p - o*k = -1176, 3*p - 313 = -3*k + 572. What is the units digit of p?
1
Let f(p) = -p**2 - 4*p - 3. Let y be f(4). Let v(j) = -j**2 - 12*j + 24. Let b be v(-15). Let l = b - y. What is the units digit of l?
4
Let y(a) = a + 10. Let o be y(-3). Suppose o*f - 663 = -208. What is the units digit of f?
5
Let b = 20 - 17. Suppose 4*n + 32 = b*p, 0 = 2*p + 2*n - 40. What is the tens digit of p - 3/(3 - 6)?
1
Let j = 10 - 18. Let f = -66 - -26. Let y = j - f. What is the units digit of y?
2
Let d = 9 - 9. Let c be (3 + d - -4) + -2. Suppose -c = -n, -2*n - 12 = 2*x - 34. What is the units digit of x?
6
Suppose -17 = -c - 4*k, -3*c = 2*c + 4*k - 37. Suppose 0 = -3*d - c*m + 315, -35 = 4*d + m - 455. Suppose 37 - d = -2*b. What is the units digit of b?
4
What is the tens digit of 2 + 3/(1 - 2) + 303?
0
Suppose 27*w - 29*w + 572 = 0. Let y = w + -75. What is the hundreds digit of y?
2
Let c(s) = 7*s**3 - 2*s - 1. Let m be c(-1). What is the units digit of m/(-4) - 850/(-20)?
4
Let i(s) = -6*s - 9. Suppose 3 = -3*q - 15. What is the tens digit of i(q)?
2
What is the units digit of (-621)/(-21) + 22/(-14) + 1?
9
What is the tens digit of 7/1 + -5 + 2930?
3
Suppose 4*i - 59 = 1. What is the units digit of 2/(-6) + 605/i?
0
Let p(t) be the third derivative of -t**5/60 + t**4/3 - 2*t**3/3 - 2*t**2. Let s be p(7). What is the units digit of 3 + (-6)/s - -12?
3
Let d(b) = b. Let p be (3/2)/((-2)/4). Let q(w) = 26*w**2 + 5*w + 1. Let l(j) = p*d(j) + q(j). What is the tens digit of l(1)?
2
Let x(o) = -o**2 + 10*o - 4. Let k be x(6). Suppose -k = d - 167. What is the hundreds digit of d?
1
Let m = -148 + 265. Suppose -m = -4*v - 9. What is the tens digit of v?
2
Suppose 2055 + 840 = 3*c. What is the hundreds digit of c?
9
Let n(m) be the third derivative of 3*m**2 + 0 - 1/30*m**6 - 1/60*m**5 + 0*m + 0*m**4 + 1/6*m**3. What is the units digit of n(-1)?
4
Suppose -864 = -4*p + 4*d, 3*d = 16*p - 11*p - 1076. What is the units digit of p?
4
What is the tens digit of (-25244)/(-16) + -6*1/8?
7
Let o(h) = h**3 - 10*h**2 - 8*h - 147. What is the hundreds digit of o(19)?
9
Suppose 0 = 7*m - 947 - 943. What is the units digit of m?
0
Let k(m) = 127*m**2 + 47*m + 221. What is the hundreds digit of k(-5)?
1
Let t(b) = 6*b**3 - 5*b**2 - 10*b + 13. What is the tens digit of t(5)?
8
Suppose 0*n + h + 8 = 3*n, h + 2 = 0. What is the tens digit of (1335/(-30))/(n/(-4))?
8
Let t be 1 + (-2 - 0) - -8. Suppose t*p + 24 = 3*p. What is the units digit of (0 - -6)*(-8)/p?
8
Let g = 1600 - 760. Suppose g = 6*v + 4*v. What is the units digit of v?
4
L